= -4*p - 290, 5*r - 3*p - 282 = 0. What is the tens digit of r?
5
Suppose -7*w + 20 = -3*w. Suppose -w*t + 60 = -0*s + 2*s, 5*s + 2*t = 129. What is the units digit of ((-4)/(-10))/(1/s)?
0
Let d = -9 + 24. Let n = -3 - -6. Suppose -i - 3*k = n*i - 16, -3*k = 3*i - d. What is the units digit of i?
1
Suppose s - 17 = -8. Let l = 24 + s. Suppose 2*m - l = -7. What is the tens digit of m?
1
Suppose -14*f + 10*f = -776. What is the units digit of f?
4
Let z(s) = 36*s - 53. What is the tens digit of z(11)?
4
Let j(i) = i**3 - 2*i**2 - 3*i + 2. Let g be j(3). Let u be -2 + 5 + g + -3. Suppose 0 = u*o - 3*o + 8. What is the units digit of o?
8
What is the tens digit of 8 + -3 + 65 + 2?
7
Let u be 4*(1 - 2 - -2). Suppose -3*i + 114 = 3*b, -u*i = -3*i + 2*b - 39. What is the units digit of i?
7
Let w = -122 + 134. What is the tens digit of w?
1
Suppose -1 = g - s, -5*s + 23 = -g + 2*g. Let b be (-4)/g*6/(-4). What is the units digit of 1/(b + (-3)/2)?
2
Let u(b) = -6*b - 10. Let p = -17 + 10. What is the tens digit of u(p)?
3
Let p = 35 + -24. Let c = -7 + p. What is the units digit of c?
4
Let l(c) = -2*c + 6. Let f be l(3). Suppose -k = -f*g + g - 29, 0 = k + 3*g - 39. What is the units digit of k?
4
Suppose -4*j - 177 = -521. What is the tens digit of j?
8
Let n = -6 - -6. Suppose n = s - 4*s + 15. What is the units digit of s?
5
Let v(q) = -q**2 - 17*q - 2. What is the tens digit of v(-14)?
4
Suppose 0 = -2*n - 3*x + 22, 2 = 5*n - 4*x - 7. Suppose 2*o - 54 = n*m - 5, -3*o - 3*m = -63. What is the tens digit of o?
2
What is the tens digit of (-275)/(-20) - 1/(-4)?
1
Suppose 3 = 4*t + 7. Let p = t - -8. What is the units digit of p?
7
Suppose l = -0*l - 2. Let i(y) be the first derivative of 4*y**3/3 + 3*y**2/2 + y - 10. What is the tens digit of i(l)?
1
Let z be 4 + 3 + -1 - 1. Suppose -40 = z*k - 5*s, -4*s = -3*s - 2. What is the units digit of (2 + -11)*2/k?
3
Let p(d) = -d - 13. Let z be p(-11). What is the units digit of (117/2)/(-3)*z?
9
Suppose -15 = -3*o + 4*j, 2*o - 9 = -o + 2*j. Let s(w) = 5*w + 1. Let y be s(-1). Let f = o - y. What is the units digit of f?
5
Let r = 56 + -31. Suppose 6*a - r = a. Suppose -a*o + d - 3 = -4, 0 = o + 3*d - 13. What is the units digit of o?
1
Let r be (294/7)/(1 + 1). Suppose 0*s + s - r = 0. What is the tens digit of s?
2
Suppose -2*x = -3*x + 38. What is the tens digit of x?
3
Let t(r) = -r. Let z be t(-3). Suppose -3*f = 4*p - 5*p + 9, 5*f + 1 = -z*p. What is the units digit of p?
3
Let z be (-1 + 2)/(2/4). Suppose -z*p - 3 = -9. Suppose l - 8 = -2*v + v, p*v = -4*l + 21. What is the tens digit of v?
1
Let g = 5 - 3. Suppose 3*k - 3*f - 8 = 19, -g*k + f = -15. What is the units digit of k?
6
Let g(x) = -4 + 0 + 3 + 2*x + 2. What is the tens digit of g(10)?
2
Suppose 0 = -y - 0 - 8. Let h(b) = -2*b - 5. Let d be h(y). Suppose 0 = s + 5*v - 27 + d, -v - 10 = -2*s. What is the units digit of s?
6
Let f = -81 + 218. What is the tens digit of f?
3
Let n be (0/1)/(-2 - 0). Suppose -f + 6*f + 3*d - 95 = 0, n = -f - 2*d + 26. What is the units digit of f?
6
Let t(s) = -7*s - 3. Let j be t(-3). Suppose -5*h - j = -3. Let r = -1 - h. What is the units digit of r?
2
Suppose 2*d - 3*w = 69 + 18, -4*w - 36 = -d. Suppose 3*v - d = -3*k, -v = k - 6*k + 98. What is the tens digit of k?
1
Let d(o) = o**2 - 5*o - 4. Suppose 5*f - 3 - 27 = 0. Let x be d(f). What is the units digit of (1/x)/((-5)/(-40))?
4
Let h = 19 + -17. What is the tens digit of 15 + (-3)/(-1 - h)?
1
Let k be ((-10)/(-8))/((-2)/(-8)). Suppose t - k = -4. What is the units digit of t?
1
Let i be (8/(-16))/(2/(-24)). Suppose i*u = u + 80. What is the tens digit of u?
1
What is the units digit of 19/(3/(-3 + 9))?
8
Let w be (-2 - 3/3) + 28. Let y = -9 + w. What is the units digit of y?
6
Suppose 52 = 4*o - 4. What is the units digit of o?
4
Let i(r) = -r**2 + 5*r - 4. Let s = 5 - 1. Let k be i(s). Suppose k = 6*g - 3*g - 24. What is the units digit of g?
8
Let t be 0/(4/(-1)) - -2. What is the tens digit of 483/15 - t/10?
3
What is the units digit of 40 - (2 - (-2 - -5))?
1
Let t = -5 - -7. Let d(n) = 10*n**2 + t + 4 + 1 - 8. What is the units digit of d(1)?
9
Suppose -63 = 5*l - 2*l. What is the units digit of l/2*(-8)/6?
4
Let q(l) = -21*l**3 - l**2 - 2*l - 1. What is the units digit of q(-1)?
1
Let t = 2 - -6. Suppose 0*l + t = 4*l. What is the units digit of l?
2
Let v = 6 + -4. Suppose -3*h = -v*f + 72 - 28, 4*f - 4*h = 92. What is the tens digit of f?
2
Let q(b) = 62*b**3 - b**2 - b + 1. What is the units digit of q(1)?
1
Suppose -3*c + 2*y - 7*y = -32, -20 = -3*c - 2*y. Let l = c - 1. Suppose 4 = f + l*f. What is the units digit of f?
1
Let l(i) = -i**3 + 2*i**2 - i + 4. Let s be l(4). Let b = s + 48. Suppose 5*a - 1 = -f + 17, -3*a = -2*f - b. What is the units digit of a?
4
Suppose -3*k + 49 = -14. Suppose 3*m - 6 = -k. Let l = m + 7. What is the units digit of l?
2
Suppose 4*u + 1 - 5 = 0. Let c(l) = 6*l - 1. Let i be c(u). Suppose -h + i*m = -17, 4*m - 39 = -3*h + 7*m. What is the tens digit of h?
1
Let n(t) = -t**3 - 6*t**2 + 3. Let k be n(-6). Let f be k/(-2)*12/(-9). Suppose 6*j - 36 = 2*j - f*q, 3*j - 26 = -q. What is the units digit of j?
8
Suppose 62 + 36 = 2*a. What is the units digit of a?
9
Suppose -18 = -5*t - 3. Suppose -2*n = t*n + 35. Let z(d) = -3*d - 6. What is the units digit of z(n)?
5
Let j = 25 + -5. What is the units digit of 452/j - (-2)/5?
3
Suppose -o = -4*o - 6. Suppose -3*v + 25 = -8*v. Let s = o - v. What is the units digit of s?
3
Suppose -4*r = 3*i - 88, 2*i + r - 57 = -0*r. Suppose 2*z + i = 6*z. Suppose -2*j + 1 = -j, -h - 5*j = -z. What is the units digit of h?
2
Let c(s) = s**3 + 16*s**2 + 25*s + 4. What is the units digit of c(-7)?
0
Let g be (1 + -2)/((-1)/1). Let v(h) be the third derivative of h**4/3 - h**3/6 + 10*h**2. What is the units digit of v(g)?
7
Let t(n) = n - 1. Let u(m) = 6*m - 14. Let q(p) = -4*t(p) + u(p). Suppose 3 = y + 5*s, 0*y - 4*y + 34 = -2*s. What is the units digit of q(y)?
6
Suppose 5*y - 22 = -2*u, -3*u = -5*y - 4*u + 21. Let s = y + 54. What is the tens digit of s?
5
Let g(b) = -155*b - 32. What is the hundreds digit of g(-2)?
2
Suppose 9*a - 193 = 185. What is the tens digit of a?
4
Suppose 0 = -0*t + 6*t - 438. What is the tens digit of t?
7
Suppose 0 = w + w. Let s(m) = m + 48. What is the tens digit of s(w)?
4
Suppose 2*a - 5*h = -h - 10, 5*h - 8 = 4*a. Suppose -3*x + 86 = -0*x - l, -a*l - 84 = -3*x. What is the tens digit of x?
2
Suppose -2 = -2*k - 10. Let g = -2 - k. What is the units digit of g?
2
Let i = 1 + 3. Suppose 3*q + 4*j = 2*q + 6, 3*j + 5 = i*q. What is the tens digit of 8*(q - 2/4)?
1
Suppose -3*z - z - 3*g + 5 = 0, 3*z + 12 = 3*g. Let h = -8 + 15. Let s = z + h. What is the units digit of s?
6
Suppose 6 = b - 0. Let n be 7/((-28)/8) + -3. Let r = n + b. What is the units digit of r?
1
Suppose 5*s - 1 = 4*s. Let f = s + -3. What is the units digit of 2*1*(4 + f)?
4
Let w(f) = -f**2 + 19*f + 4. What is the units digit of w(15)?
4
Let m = -13 + 44. What is the units digit of m?
1
Suppose -5*w - 22 = 2*q, -3*w + 0*q - 3*q - 6 = 0. Let i be 2/6 + (-70)/w. Let m(z) = -z**3 + 13*z**2 - 10*z - 11. What is the units digit of m(i)?
3
Let d(u) = -9*u + 11. Let i(b) = -5*b + 6. Let y(a) = 4*d(a) - 7*i(a). Let n = -3 - 2. What is the units digit of y(n)?
7
Suppose 3*g = -g + 48. Let d be g*4/18*3. Suppose b + d = 3*b. What is the units digit of b?
4
Let w(r) = 10*r**3 - r**2 - 3*r - 3. Let j(g) = 10*g**3 - g**2 - 2*g - 2. Let a = 2 - -1. Let p(b) = a*j(b) - 2*w(b). What is the units digit of p(1)?
9
What is the tens digit of (-4302)/(-63) - 2/7?
6
Let y(f) be the second derivative of -f**5/20 - f**4/4 - f**3 - 2*f**2 - 5*f. What is the tens digit of y(-4)?
3
Suppose 0 = -j + 17 - 13. Let b = 0 - 0. Suppose b = -j*i + i + 30. What is the tens digit of i?
1
Let u(q) = q**3 + 5*q**2 + 3*q + 2. Let z be u(-4). Suppose 3*o - z*o + 30 = 0. Suppose 0 = -5*i - o, -m - i = -3*m + 12. What is the units digit of m?
5
Suppose -p + 3*p - 240 = -5*i, -4*i - 5*p + 175 = 0. What is the units digit of i?
0
Let q = 83 + -30. What is the tens digit of q?
5
Suppose -3*a + b = -2*b - 330, -a + 102 = b. What is the units digit of a?
6
Let v = 157 + 77. What is the hundreds digit of v?
2
Let z = -27